{"id":167,"date":"2024-03-09T16:51:45","date_gmt":"2024-03-09T15:51:45","guid":{"rendered":"https:\/\/praxis-goldammer.de\/?page_id=167"},"modified":"2024-08-25T13:29:08","modified_gmt":"2024-08-25T11:29:08","slug":"ketamintherapie","status":"publish","type":"page","link":"https:\/\/praxis-goldammer.de\/?page_id=167","title":{"rendered":"Ketamintherapie"},"content":{"rendered":"\n<p>Seit einigen Jahren findet Ketamin seine Anwendung bei Depression, Angst- und Suchterkrankungen. <\/p>\n\n\n\n<p>Vor allem im Rahmen der Behandlung von Depressionen hat sich hier neben der psychotherapeutischen Behandlung eine weitere effektive Therapiem\u00f6glichkeit er\u00f6ffnet. <br>&#8222;Klassische&#8220; Antidepressiva ben\u00f6tigen in der Regel einige Wochen bis Wirkungseintritt &#8211; Sofern kein suffizienter Wirkungseintritt zu verzeichnen ist und eine Umstellung des Pr\u00e4parates erfolgen muss, ist mit einigen weiteren Wochen zu rechnen. <\/p>\n\n\n\n<p>Zwar ist die Wirkungsweise bzw. Pathophysiologie des Ketamins hier noch nicht vollst\u00e4ndig gekl\u00e4rt, unbestritten ist jedoch, dass die Wirkung mit dem NMDA Rezeptor und Botenstoff Glutamat zusammenh\u00e4ngt und neue neuronale Verkn\u00fcpfungen gebildet werden. Das Ziel besteht darin, dass sog. &#8222;Gedankenschleifen&#8220; bzw. Denkstrukturen durchbrochen werden, welche beispielsweise f\u00fcr die Depression urs\u00e4chlich sind und somit die Neuroplastizit\u00e4t angeregt wird.<\/p>\n\n\n\n<p>Eine Therapie mittels Ketamin erfolgt in insgesamt f\u00fcnf Sitzungen im Abstand von jeweils ca. drei Tagen. <br>Sie erhalten das Medikament mittels Perfusor (Spritzenpumpe) intraven\u00f6s \u00fcber einen Zeitraum von etwa 45 Minuten. <br>W\u00e4hrend dieser Zeit sind Sie nicht alleine, sondern werden sowohl \u00e4rztlich betreut als auch mittels Vitalmonitor \u00fcberwacht.<\/p>\n\n\n\n<p>Einen sp\u00fcrbaren Effekt der Therapie merken Sie bereits w\u00e4hrend der Infusionsgabe, der h\u00f6chste Wirkungsgrad bzw. ein sp\u00fcrbarer &#8222;Nachhall&#8220; stellt sich in der Regel nach der dritten Gabe ein. <\/p>\n\n\n\n<p>Nachfolgend erhalten Sie weitere Informationen und Links der Fachliteratur:<\/p>\n\n\n\n<ul class=\"wp-block-list\">\n<li><a href=\"https:\/\/rdcu.be\/dzPiL\">https:\/\/rdcu.be\/dzPiL<\/a><\/li>\n\n\n\n<li><a href=\"https:\/\/www.psych.mpg.de\/2852504\/mechanism-ketamine-antidepressant-action\">https:\/\/www.psych.mpg.de\/2852504\/mechanism-ketamine-antidepressant-action<\/a><\/li>\n\n\n\n<li><a href=\"https:\/\/www.oberbergkliniken.de\/psychotherapien\/ketamintherapie\">https:\/\/www.oberbergkliniken.de\/psychotherapien\/ketamintherapie<\/a><\/li>\n\n\n\n<li><a href=\"https:\/\/www.ncbi.nlm.nih.gov\/pmc\/articles\/PMC9010394\/\">https:\/\/www.ncbi.nlm.nih.gov\/pmc\/articles\/PMC9010394\/<\/a><\/li>\n<\/ul>\n\n\n\n<p>Sollte Ihr Interesse an einer Behandlung mittels Ketamin geweckt worden sein, sprechen Sie uns gerne an oder schreiben uns eine <a href=\"https:\/\/praxis-goldammer.de\/?page_id=16\" data-type=\"page\" data-id=\"16\">Nachricht<\/a>. <\/p>\n\n\n\n<p><\/p>\n","protected":false},"excerpt":{"rendered":"<p>Seit einigen Jahren findet Ketamin seine Anwendung bei Depression, Angst- und Suchterkrankungen. Vor allem im Rahmen der Behandlung von Depressionen hat sich hier neben der psychotherapeutischen Behandlung eine weitere effektive Therapiem\u00f6glichkeit er\u00f6ffnet. &#8222;Klassische&#8220; Antidepressiva ben\u00f6tigen in der Regel einige Wochen bis Wirkungseintritt &#8211; Sofern kein suffizienter Wirkungseintritt zu verzeichnen ist und eine Umstellung des Pr\u00e4parates &hellip; <a href=\"https:\/\/praxis-goldammer.de\/?page_id=167\" class=\"more-link\"><span class=\"screen-reader-text\">\u201eKetamintherapie\u201c<\/span> weiterlesen<\/a><\/p>\n","protected":false},"author":1,"featured_media":0,"parent":0,"menu_order":0,"comment_status":"closed","ping_status":"closed","template":"","meta":{"footnotes":""},"class_list":["post-167","page","type-page","status-publish","hentry"],"_links":{"self":[{"href":"https:\/\/praxis-goldammer.de\/index.php?rest_route=\/wp\/v2\/pages\/167"}],"collection":[{"href":"https:\/\/praxis-goldammer.de\/index.php?rest_route=\/wp\/v2\/pages"}],"about":[{"href":"https:\/\/praxis-goldammer.de\/index.php?rest_route=\/wp\/v2\/types\/page"}],"author":[{"embeddable":true,"href":"https:\/\/praxis-goldammer.de\/index.php?rest_route=\/wp\/v2\/users\/1"}],"replies":[{"embeddable":true,"href":"https:\/\/praxis-goldammer.de\/index.php?rest_route=%2Fwp%2Fv2%2Fcomments&post=167"}],"version-history":[{"count":9,"href":"https:\/\/praxis-goldammer.de\/index.php?rest_route=\/wp\/v2\/pages\/167\/revisions"}],"predecessor-version":[{"id":207,"href":"https:\/\/praxis-goldammer.de\/index.php?rest_route=\/wp\/v2\/pages\/167\/revisions\/207"}],"wp:attachment":[{"href":"https:\/\/praxis-goldammer.de\/index.php?rest_route=%2Fwp%2Fv2%2Fmedia&parent=167"}],"curies":[{"name":"wp","href":"https:\/\/api.w.org\/{rel}","templated":true}]}}